{"id":17,"date":"2017-06-01T11:56:10","date_gmt":"2017-06-01T16:56:10","guid":{"rendered":"http:\/\/www.prueba.tallerdeartecountry.com\/Home\/?page_id=17"},"modified":"2025-11-21T08:42:55","modified_gmt":"2025-11-21T13:42:55","slug":"servicios","status":"publish","type":"page","link":"http:\/\/tallerdeartecountry.com\/?page_id=17","title":{"rendered":"SERVICIOS"},"content":{"rendered":"\t\t<div data-elementor-type=\"wp-page\" data-elementor-id=\"17\" class=\"elementor elementor-17\">\n\t\t\t\t\t\t<section class=\"elementor-section elementor-top-section elementor-element elementor-element-7e3d61e4 elementor-section-boxed elementor-section-height-default elementor-section-height-default\" data-id=\"7e3d61e4\" data-element_type=\"section\" data-e-type=\"section\" data-settings=\"{&quot;background_background&quot;:&quot;classic&quot;}\">\n\t\t\t\t\t\t<div class=\"elementor-container elementor-column-gap-default\">\n\t\t\t\t\t<div class=\"elementor-column elementor-col-100 elementor-top-column elementor-element elementor-element-7f443fb\" data-id=\"7f443fb\" data-element_type=\"column\" data-e-type=\"column\">\n\t\t\t<div class=\"elementor-widget-wrap elementor-element-populated\">\n\t\t\t\t\t\t<section class=\"elementor-section elementor-inner-section elementor-element elementor-element-423b27b elementor-section-boxed elementor-section-height-default elementor-section-height-default\" data-id=\"423b27b\" data-element_type=\"section\" data-e-type=\"section\">\n\t\t\t\t\t\t<div class=\"elementor-container elementor-column-gap-default\">\n\t\t\t\t\t<div class=\"elementor-column elementor-col-50 elementor-inner-column elementor-element elementor-element-20afbf0\" data-id=\"20afbf0\" data-element_type=\"column\" data-e-type=\"column\">\n\t\t\t<div class=\"elementor-widget-wrap elementor-element-populated\">\n\t\t\t\t\t\t<div class=\"elementor-element elementor-element-ca28e79 elementor-widget__width-initial elementor-widget elementor-widget-heading\" data-id=\"ca28e79\" data-element_type=\"widget\" data-e-type=\"widget\" data-widget_type=\"heading.default\">\n\t\t\t\t<div class=\"elementor-widget-container\">\n\t\t\t\t\t<h1 class=\"elementor-heading-title elementor-size-default\">RECURSOS GRATIS\n<\/h1>\t\t\t\t<\/div>\n\t\t\t\t<\/div>\n\t\t\t\t\t<\/div>\n\t\t<\/div>\n\t\t\t\t<div class=\"elementor-column elementor-col-50 elementor-inner-column elementor-element elementor-element-095d03b\" data-id=\"095d03b\" data-element_type=\"column\" data-e-type=\"column\">\n\t\t\t<div class=\"elementor-widget-wrap elementor-element-populated\">\n\t\t\t\t\t\t<div class=\"elementor-element elementor-element-462f4a0 elementor-widget elementor-widget-text-editor\" data-id=\"462f4a0\" data-element_type=\"widget\" data-e-type=\"widget\" data-widget_type=\"text-editor.default\">\n\t\t\t\t<div class=\"elementor-widget-container\">\n\t\t\t\t\t\t\t\t\t<p style=\"text-align: center;\"><em>Hemos preparado algunas clases y recursos gratis de algunas t\u00e9cnicas para todas las personas que no pueden asistir a nuestras clases. Te invitamos a suscribirte a nuestro canal de Youtube<\/em><\/p>\t\t\t\t\t\t\t\t<\/div>\n\t\t\t\t<\/div>\n\t\t\t\t\t<\/div>\n\t\t<\/div>\n\t\t\t\t\t<\/div>\n\t\t<\/section>\n\t\t\t\t\t<\/div>\n\t\t<\/div>\n\t\t\t\t\t<\/div>\n\t\t<\/section>\n\t\t\t\t<section class=\"elementor-section elementor-top-section elementor-element elementor-element-40cd2b8 elementor-section-boxed elementor-section-height-default elementor-section-height-default\" data-id=\"40cd2b8\" data-element_type=\"section\" data-e-type=\"section\">\n\t\t\t\t\t\t<div class=\"elementor-container elementor-column-gap-default\">\n\t\t\t\t\t<div class=\"elementor-column elementor-col-100 elementor-top-column elementor-element elementor-element-dd022e1\" data-id=\"dd022e1\" data-element_type=\"column\" data-e-type=\"column\">\n\t\t\t<div class=\"elementor-widget-wrap elementor-element-populated\">\n\t\t\t\t\t\t<section class=\"elementor-section elementor-inner-section elementor-element elementor-element-0ed778a elementor-section-boxed elementor-section-height-default elementor-section-height-default\" data-id=\"0ed778a\" data-element_type=\"section\" data-e-type=\"section\">\n\t\t\t\t\t\t<div class=\"elementor-container elementor-column-gap-default\">\n\t\t\t\t\t<div class=\"elementor-column elementor-col-50 elementor-inner-column elementor-element elementor-element-7d7a8c0\" data-id=\"7d7a8c0\" data-element_type=\"column\" data-e-type=\"column\">\n\t\t\t<div class=\"elementor-widget-wrap elementor-element-populated\">\n\t\t\t\t\t\t<div class=\"elementor-element elementor-element-b16561d elementor-widget elementor-widget-text-editor\" data-id=\"b16561d\" data-element_type=\"widget\" data-e-type=\"widget\" data-widget_type=\"text-editor.default\">\n\t\t\t\t<div class=\"elementor-widget-container\">\n\t\t\t\t\t\t\t\t\t<h3><strong>Consejos Gratis:<\/strong><\/h3>\t\t\t\t\t\t\t\t<\/div>\n\t\t\t\t<\/div>\n\t\t\t\t<div class=\"elementor-element elementor-element-d25b501 elementor-widget elementor-widget-text-editor\" data-id=\"d25b501\" data-element_type=\"widget\" data-e-type=\"widget\" data-widget_type=\"text-editor.default\">\n\t\t\t\t<div class=\"elementor-widget-container\">\n\t\t\t\t\t\t\t\t\t<script src=\"https:\/\/apis.google.com\/js\/platform.js\"><span data-mce-type=\"bookmark\" style=\"display: inline-block; width: 0px; overflow: hidden; line-height: 0;\" class=\"mce_SELRES_start\">\ufeff<\/span><\/script>\n<div class=\"g-ytsubscribe\" data-channel=\"TallerDeArteCountry\" data-layout=\"full\" data-count=\"default\"><\/div>\t\t\t\t\t\t\t\t<\/div>\n\t\t\t\t<\/div>\n\t\t\t\t<div class=\"elementor-element elementor-element-6f4f1b6 elementor-widget elementor-widget-video\" data-id=\"6f4f1b6\" data-element_type=\"widget\" data-e-type=\"widget\" data-settings=\"{&quot;youtube_url&quot;:&quot;https:\\\/\\\/www.youtube.com\\\/watch?v=O7pecPiAxAo&amp;list=PLDSC84rGW4OSRKgSaqXWhLVCprS62c4qD&quot;,&quot;autoplay&quot;:&quot;yes&quot;,&quot;play_on_mobile&quot;:&quot;yes&quot;,&quot;loop&quot;:&quot;yes&quot;,&quot;video_type&quot;:&quot;youtube&quot;,&quot;controls&quot;:&quot;yes&quot;}\" data-widget_type=\"video.default\">\n\t\t\t\t<div class=\"elementor-widget-container\">\n\t\t\t\t\t\t\t<div class=\"elementor-wrapper elementor-open-inline\">\n\t\t\t<div class=\"elementor-video\"><\/div>\t\t<\/div>\n\t\t\t\t\t\t<\/div>\n\t\t\t\t<\/div>\n\t\t\t\t\t<\/div>\n\t\t<\/div>\n\t\t\t\t<div class=\"elementor-column elementor-col-50 elementor-inner-column elementor-element elementor-element-c3b270a\" data-id=\"c3b270a\" data-element_type=\"column\" data-e-type=\"column\">\n\t\t\t<div class=\"elementor-widget-wrap elementor-element-populated\">\n\t\t\t\t\t\t<div class=\"elementor-element elementor-element-d70fcb8 elementor-widget elementor-widget-text-editor\" data-id=\"d70fcb8\" data-element_type=\"widget\" data-e-type=\"widget\" data-widget_type=\"text-editor.default\">\n\t\t\t\t<div class=\"elementor-widget-container\">\n\t\t\t\t\t\t\t\t\t<h3><strong>Descargar Moldes:<\/strong><\/h3>\t\t\t\t\t\t\t\t<\/div>\n\t\t\t\t<\/div>\n\t\t\t\t<div class=\"elementor-element elementor-element-78ef161 elementor-widget elementor-widget-text-editor\" data-id=\"78ef161\" data-element_type=\"widget\" data-e-type=\"widget\" data-widget_type=\"text-editor.default\">\n\t\t\t\t<div class=\"elementor-widget-container\">\n\t\t\t\t\t\t\t\t\t<p>\u00a0<\/p>\n<ul>\n<li>Molde de Cuadro Pajaritos Vintage <strong><a href=\"https:\/\/drive.google.com\/open?id=1E8jsnwitbfg3-uuXIdmcRy0dyUXd-Ff6\" target=\"_blank\" rel=\"noopener\">Aqu\u00ed<\/a><\/strong><\/li>\n<li>Molde de Coj\u00edn Pap\u00e1 Noel <strong><a href=\"https:\/\/drive.google.com\/open?id=1Bz3Vzj8Gy6IUnQQAV4SWTKKVgRwPlVUm\" target=\"_blank\" rel=\"noopener\">Aqu\u00ed<\/a><\/strong><\/li>\n<li>Molde Farol Navide\u00f1o<strong> <a href=\"https:\/\/www.dropbox.com\/s\/clu1q2g7ai6n1jx\/Molde%20Farol%20de%20Navidad.jpeg?dl=0\" target=\"_blank\" rel=\"noopener\">Aqu\u00ed<\/a><\/strong><\/li>\n<li>Molde Rudolf <strong><a href=\"https:\/\/drive.google.com\/file\/d\/11QWRQrz2CXqLyjLchq0QcyioaFgPlxJG\/view?usp=sharing\" target=\"_blank\" rel=\"noopener\">Aqu\u00ed<\/a><\/strong><\/li>\n<li>Molde Bandeja Navide\u00f1a <a href=\"https:\/\/drive.google.com\/open?id=1GQIKDzRD27E8MtZMztfw0Sb0OWFAJNUr\" target=\"_blank\" rel=\"noopener\"><strong>Aqu\u00ed<\/strong><\/a><\/li>\n<li>Molde Materas para Botellas Pl\u00e1sticas <a href=\"https:\/\/drive.google.com\/open?id=0B5SWUxAEEP67WVBMcWNXYlczTzctaHBGbVRzekozUnM0Y1hZ\" target=\"_blank\" rel=\"noopener\"><strong>Aqu\u00ed<\/strong><\/a><\/li>\n<li>Molde Llavero Gatico <a href=\"https:\/\/drive.google.com\/file\/d\/1IMTUxdAy2-rc5pL2N1dinRreaKbamRAJ\/view?usp=sharing\" target=\"_blank\" rel=\"noopener\"><strong>Aqu\u00ed<\/strong><\/a><\/li>\n<li>Molde Sobre Lluvia de Sobres <strong><a href=\"https:\/\/drive.google.com\/file\/d\/1Yk3Aaj5LFxnecc3bcH07M6Q5csMRaS3L\/view?usp=sharing\" target=\"_blank\" rel=\"noopener\">Aqu\u00ed<\/a><\/strong><\/li>\n<li>Molde Flores\u00a0 <a href=\"https:\/\/drive.google.com\/open?id=1RQIWWIA0UErnDFQjdvDSIFadfvPAYHeh\" target=\"_blank\" rel=\"noopener\"><strong>Aqu\u00ed<\/strong><\/a><\/li>\n<li>Molde PortaTijeras <strong><a href=\"https:\/\/drive.google.com\/file\/d\/1vvr5s3YPW6G5hJfjEsOOcLVXEfRHgilj\/view?usp=sharing\" target=\"_blank\" rel=\"noopener\">Aqu\u00ed<\/a><\/strong><\/li>\n<li>Molde Caja de Oraci\u00f3n <strong><a href=\"https:\/\/drive.google.com\/file\/d\/1uHdxAGzK85UGVNU07cv8g7nqKfppBEnF\/view?usp=sharing\">Aqu\u00ed<\/a><\/strong><\/li>\n<li>Molde Mariposas <strong><a href=\"https:\/\/drive.google.com\/file\/d\/1CGO51f_hPMJnfmqL8RLGqqiczpD3cjUk\/view?usp=sharing\">Aqu\u00ed<\/a><\/strong><\/li>\n<li>Molde Collares para Perros <a href=\"https:\/\/drive.google.com\/open?id=1mvVqDyMyfnfVBQbm7s6fQBEM2OQ3RSP3\"><strong>Aqu\u00ed\u00a0<\/strong><\/a><\/li>\n<li>Molde Bolsas D\u00eda del Padre <a href=\"https:\/\/drive.google.com\/file\/d\/1oqwengYPMgReYRuVPxaj0GOI59GfwPnC\/view?usp=sharing\"><strong>Aqu\u00ed<\/strong><\/a><\/li>\n<li>Molde Corazones <strong><a href=\"https:\/\/drive.google.com\/file\/d\/1lc6aGocyUWs3iE3IfusmzU5-JdHD6Uxz\/view?usp=sharing\">Aqu\u00ed<\/a><\/strong><\/li>\n<li>Molde Bota Porta Cubiertos <a href=\"https:\/\/drive.google.com\/file\/d\/1j1F6zyFC8DuzLYaP-xFiEQADNOzvU8bj\/view?usp=sharing\"><strong>Aqu\u00ed<\/strong><\/a><\/li>\n<li>Molde Gato Porta Notas\u00a0<a href=\"https:\/\/drive.google.com\/file\/d\/1m6KL8wEGlkqbjzckLp2qczQ-nHTN7ft5\/view?usp=sharing\"><strong>Aqu\u00ed<\/strong><\/a><\/li>\n<li>Molde Flores P\u00e9talos <strong><a href=\"https:\/\/drive.google.com\/file\/d\/1j7cx8HBUpAG3q0B0sobYM8DtHeRfj8Vm\/view?usp=sharing\">Aqu\u00ed<\/a><\/strong><\/li>\n<li>Molde Sobre de Fieltro <a href=\"https:\/\/drive.google.com\/file\/d\/1pz05zITkkeBOOWTGgAP-tbAEwgi3P-8O\/view?usp=sharing\"><strong>Aqu\u00ed<\/strong><\/a><\/li>\n<li>Molde Tarjeta Osito de Chocolate <a href=\"https:\/\/drive.google.com\/file\/d\/172OtPPbJZPAxZACGNIejl35Ao0CJ90aX\/view?usp=sharing\"><strong>Aqu\u00ed<\/strong><\/a><\/li>\n<li>Molde Reno Patchword <a href=\"https:\/\/drive.google.com\/file\/d\/1GC2cUj3kRnV7r_sdfCxEpxwoeC_1hpGp\/view?usp=sharing\"><strong>Aqu\u00ed<\/strong><\/a><\/li>\n<\/ul>\t\t\t\t\t\t\t\t<\/div>\n\t\t\t\t<\/div>\n\t\t\t\t\t<\/div>\n\t\t<\/div>\n\t\t\t\t\t<\/div>\n\t\t<\/section>\n\t\t\t\t\t<\/div>\n\t\t<\/div>\n\t\t\t\t\t<\/div>\n\t\t<\/section>\n\t\t\t\t<section class=\"elementor-section elementor-top-section elementor-element elementor-element-ea2d52c elementor-section-boxed elementor-section-height-default elementor-section-height-default\" data-id=\"ea2d52c\" data-element_type=\"section\" data-e-type=\"section\" data-settings=\"{&quot;background_background&quot;:&quot;classic&quot;}\">\n\t\t\t\t\t\t<div class=\"elementor-container elementor-column-gap-default\">\n\t\t\t\t\t<div class=\"elementor-column elementor-col-100 elementor-top-column elementor-element elementor-element-c5a55ba\" data-id=\"c5a55ba\" data-element_type=\"column\" data-e-type=\"column\">\n\t\t\t<div class=\"elementor-widget-wrap elementor-element-populated\">\n\t\t\t\t\t\t<section class=\"elementor-section elementor-inner-section elementor-element elementor-element-5b430ee elementor-section-boxed elementor-section-height-default elementor-section-height-default\" data-id=\"5b430ee\" data-element_type=\"section\" data-e-type=\"section\">\n\t\t\t\t\t\t<div class=\"elementor-container elementor-column-gap-default\">\n\t\t\t\t\t<div class=\"elementor-column elementor-col-50 elementor-inner-column elementor-element elementor-element-a806886\" data-id=\"a806886\" data-element_type=\"column\" data-e-type=\"column\">\n\t\t\t<div class=\"elementor-widget-wrap elementor-element-populated\">\n\t\t\t\t\t\t<div class=\"elementor-element elementor-element-b2e71c3 elementor-widget__width-initial elementor-widget elementor-widget-text-editor\" data-id=\"b2e71c3\" data-element_type=\"widget\" data-e-type=\"widget\" data-widget_type=\"text-editor.default\">\n\t\t\t\t<div class=\"elementor-widget-container\">\n\t\t\t\t\t\t\t\t\t<p>En el Taller contamos con un punto de venta de materiales para arte.<\/p>\n<p>En nuestro almac\u00e9n encontrara diferentes Materiales como:<\/p>\n<ul>\n<li>Insumos para la Modisteria.<\/li>\n<li>Proyectos de madera (MDF)<\/li>\n<li>Bisuter\u00eda<\/li>\n<li>Papeler\u00eda<\/li>\n<li>Ceramica<\/li>\n<li>Productos para Arte<\/li>\n<\/ul>\t\t\t\t\t\t\t\t<\/div>\n\t\t\t\t<\/div>\n\t\t\t\t\t<\/div>\n\t\t<\/div>\n\t\t\t\t<div class=\"elementor-column elementor-col-50 elementor-inner-column elementor-element elementor-element-d2b25c0\" data-id=\"d2b25c0\" data-element_type=\"column\" data-e-type=\"column\">\n\t\t\t<div class=\"elementor-widget-wrap elementor-element-populated\">\n\t\t\t\t\t\t<div class=\"elementor-element elementor-element-7f692f1 elementor-widget__width-initial elementor-widget elementor-widget-heading\" data-id=\"7f692f1\" data-element_type=\"widget\" data-e-type=\"widget\" data-widget_type=\"heading.default\">\n\t\t\t\t<div class=\"elementor-widget-container\">\n\t\t\t\t\t<h1 class=\"elementor-heading-title elementor-size-default\">VENTA DE MATERIALES<\/h1>\t\t\t\t<\/div>\n\t\t\t\t<\/div>\n\t\t\t\t\t<\/div>\n\t\t<\/div>\n\t\t\t\t\t<\/div>\n\t\t<\/section>\n\t\t\t\t\t<\/div>\n\t\t<\/div>\n\t\t\t\t\t<\/div>\n\t\t<\/section>\n\t\t\t\t<section class=\"elementor-section elementor-top-section elementor-element elementor-element-a508b01 elementor-section-boxed elementor-section-height-default elementor-section-height-default\" data-id=\"a508b01\" data-element_type=\"section\" data-e-type=\"section\">\n\t\t\t\t\t\t<div class=\"elementor-container elementor-column-gap-default\">\n\t\t\t\t\t<div class=\"elementor-column elementor-col-100 elementor-top-column elementor-element elementor-element-2662232\" data-id=\"2662232\" data-element_type=\"column\" data-e-type=\"column\">\n\t\t\t<div class=\"elementor-widget-wrap elementor-element-populated\">\n\t\t\t\t\t\t<section class=\"elementor-section elementor-inner-section elementor-element elementor-element-db1e06b elementor-section-boxed elementor-section-height-default elementor-section-height-default\" data-id=\"db1e06b\" data-element_type=\"section\" data-e-type=\"section\">\n\t\t\t\t\t\t<div class=\"elementor-container elementor-column-gap-default\">\n\t\t\t\t\t<div class=\"elementor-column elementor-col-50 elementor-inner-column elementor-element elementor-element-4400997\" data-id=\"4400997\" data-element_type=\"column\" data-e-type=\"column\">\n\t\t\t<div class=\"elementor-widget-wrap elementor-element-populated\">\n\t\t\t\t\t\t<div class=\"elementor-element elementor-element-835ac23 elementor-widget__width-initial elementor-widget elementor-widget-heading\" data-id=\"835ac23\" data-element_type=\"widget\" data-e-type=\"widget\" data-widget_type=\"heading.default\">\n\t\t\t\t<div class=\"elementor-widget-container\">\n\t\t\t\t\t<h1 class=\"elementor-heading-title elementor-size-default\">CORTE LASER\n<\/h1>\t\t\t\t<\/div>\n\t\t\t\t<\/div>\n\t\t\t\t<div class=\"elementor-element elementor-element-d1348c4 elementor-widget__width-initial elementor-widget elementor-widget-text-editor\" data-id=\"d1348c4\" data-element_type=\"widget\" data-e-type=\"widget\" data-widget_type=\"text-editor.default\">\n\t\t\t\t<div class=\"elementor-widget-container\">\n\t\t\t\t\t\t\t\t\t<p>Ofrecemos Servicios de Corte de todo tipo de proyecto de MDF (Todos los corte se hacen de acuerdo al molde suministrado, con una semana de anticipaci\u00f3n y el 50% del valor del proyecto). Vendemos proyectos en crudo de todo lo que se encuentra en el catalogo de la pagina.<\/p>\t\t\t\t\t\t\t\t<\/div>\n\t\t\t\t<\/div>\n\t\t\t\t\t<\/div>\n\t\t<\/div>\n\t\t\t\t<div class=\"elementor-column elementor-col-50 elementor-inner-column elementor-element elementor-element-76e7c16\" data-id=\"76e7c16\" data-element_type=\"column\" data-e-type=\"column\">\n\t\t\t<div class=\"elementor-widget-wrap elementor-element-populated\">\n\t\t\t\t\t\t<div class=\"elementor-element elementor-element-ef0cc79 elementor-widget elementor-widget-image\" data-id=\"ef0cc79\" data-element_type=\"widget\" data-e-type=\"widget\" data-widget_type=\"image.default\">\n\t\t\t\t<div class=\"elementor-widget-container\">\n\t\t\t\t\t\t\t\t\t\t\t\t\t\t\t<img fetchpriority=\"high\" decoding=\"async\" width=\"525\" height=\"300\" src=\"https:\/\/tallerdeartecountry.com\/wp-content\/uploads\/2025\/11\/Gemini_Generated_Image_9c6f3t9c6f3t9c6f-1024x585.png\" class=\"attachment-large size-large wp-image-5104\" alt=\"\" srcset=\"https:\/\/tallerdeartecountry.com\/wp-content\/uploads\/2025\/11\/Gemini_Generated_Image_9c6f3t9c6f3t9c6f-1024x585.png 1024w, https:\/\/tallerdeartecountry.com\/wp-content\/uploads\/2025\/11\/Gemini_Generated_Image_9c6f3t9c6f3t9c6f-350x200.png 350w, https:\/\/tallerdeartecountry.com\/wp-content\/uploads\/2025\/11\/Gemini_Generated_Image_9c6f3t9c6f3t9c6f-300x171.png 300w, https:\/\/tallerdeartecountry.com\/wp-content\/uploads\/2025\/11\/Gemini_Generated_Image_9c6f3t9c6f3t9c6f-768x439.png 768w, https:\/\/tallerdeartecountry.com\/wp-content\/uploads\/2025\/11\/Gemini_Generated_Image_9c6f3t9c6f3t9c6f.png 1344w\" sizes=\"100vw\" \/>\t\t\t\t\t\t\t\t\t\t\t\t\t\t\t<\/div>\n\t\t\t\t<\/div>\n\t\t\t\t\t<\/div>\n\t\t<\/div>\n\t\t\t\t\t<\/div>\n\t\t<\/section>\n\t\t\t\t\t<\/div>\n\t\t<\/div>\n\t\t\t\t\t<\/div>\n\t\t<\/section>\n\t\t\t\t<\/div>\n\t\t","protected":false},"excerpt":{"rendered":"<p>RECURSOS GRATIS Hemos preparado algunas clases y recursos gratis de algunas t\u00e9cnicas para todas las personas que no pueden asistir a nuestras clases. Te invitamos a suscribirte a nuestro canal de Youtube Consejos Gratis: https:\/\/www.youtube.com\/watch?v=O7pecPiAxAo&#038;list=PLDSC84rGW4OSRKgSaqXWhLVCprS62c4qD Descargar Moldes: \u00a0 Molde de Cuadro Pajaritos Vintage Aqu\u00ed Molde de Coj\u00edn Pap\u00e1 Noel Aqu\u00ed Molde Farol Navide\u00f1o Aqu\u00ed Molde &hellip; <\/p>\n<p class=\"link-more\"><a href=\"http:\/\/tallerdeartecountry.com\/?page_id=17\" class=\"more-link\">Continuar leyendo<span class=\"screen-reader-text\"> \u00abSERVICIOS\u00bb<\/span><\/a><\/p>\n","protected":false},"author":1,"featured_media":0,"parent":0,"menu_order":0,"comment_status":"closed","ping_status":"closed","template":"elementor_header_footer","meta":{"footnotes":""},"class_list":["post-17","page","type-page","status-publish","hentry"],"_links":{"self":[{"href":"http:\/\/tallerdeartecountry.com\/index.php?rest_route=\/wp\/v2\/pages\/17","targetHints":{"allow":["GET"]}}],"collection":[{"href":"http:\/\/tallerdeartecountry.com\/index.php?rest_route=\/wp\/v2\/pages"}],"about":[{"href":"http:\/\/tallerdeartecountry.com\/index.php?rest_route=\/wp\/v2\/types\/page"}],"author":[{"embeddable":true,"href":"http:\/\/tallerdeartecountry.com\/index.php?rest_route=\/wp\/v2\/users\/1"}],"replies":[{"embeddable":true,"href":"http:\/\/tallerdeartecountry.com\/index.php?rest_route=%2Fwp%2Fv2%2Fcomments&post=17"}],"version-history":[{"count":78,"href":"http:\/\/tallerdeartecountry.com\/index.php?rest_route=\/wp\/v2\/pages\/17\/revisions"}],"predecessor-version":[{"id":5251,"href":"http:\/\/tallerdeartecountry.com\/index.php?rest_route=\/wp\/v2\/pages\/17\/revisions\/5251"}],"wp:attachment":[{"href":"http:\/\/tallerdeartecountry.com\/index.php?rest_route=%2Fwp%2Fv2%2Fmedia&parent=17"}],"curies":[{"name":"wp","href":"https:\/\/api.w.org\/{rel}","templated":true}]}}