{"id":3504,"date":"2020-08-06T14:46:29","date_gmt":"2020-08-06T19:46:29","guid":{"rendered":"http:\/\/tallerdeartecountry.com\/?page_id=3504"},"modified":"2025-11-20T08:30:19","modified_gmt":"2025-11-20T13:30:19","slug":"kits","status":"publish","type":"page","link":"http:\/\/tallerdeartecountry.com\/?page_id=3504","title":{"rendered":"KITS"},"content":{"rendered":"\n\n\t<h3>Kit Bufandas Navide\u00f1as<\/h3>\n<p><a href=\"http:\/\/tallerdeartecountry.com\/wp-content\/uploads\/2020\/10\/IMG_0169-copia-1.jpg\"><img fetchpriority=\"high\" decoding=\"async\" src=\"http:\/\/tallerdeartecountry.com\/wp-content\/uploads\/2020\/10\/IMG_0169-copia-1.jpg\" alt=\"\" width=\"1000\" height=\"667\" \/><\/a><\/p>\n<p><strong>kit Bufandas Navide\u00f1as X1<\/strong><\/p>\n<p>Precio ($85.000)<\/p>\n<p><a href=\"https:\/\/biz.payulatam.com\/B0bd537CB39C4FC\"><img decoding=\"async\" src=\"https:\/\/ecommerce.payulatam.com\/img-secure-2015\/boton_pagar_mediano.png\"\/><\/a><\/p>\n<p><strong>Kit Bufandas Navide\u00f1as x2<\/strong><\/p>\n(Precio $ 95.000)<br \/>\n<a href=\"https:\/\/biz.payulatam.com\/B0bd537BB27290E\"><img decoding=\"async\" src=\"https:\/\/ecommerce.payulatam.com\/img-secure-2015\/boton_pagar_mediano.png\"\/><\/a>\n\t<h2><strong>Mira el Paso a Paso Aqu\u00ed:<\/strong><\/h2>\n\t<iframe width=\"560\" height=\"315\" src=\"https:\/\/www.youtube.com\/embed\/hLDWDYN2pkE\" title=\"YouTube video player\" frameborder=\"0\" allow=\"accelerometer; autoplay; clipboard-write; encrypted-media; gyroscope; picture-in-picture\" allowfullscreen><\/iframe>\n\t<h3><strong>Kit de Puntillismo Neon<\/strong><\/h3>\n<figure id=\"attachment_3585\" aria-describedby=\"caption-attachment-3585\" style=\"width: 1024px\" class=\"wp-caption alignnone\"><a href=\"http:\/\/tallerdeartecountry.com\/wp-content\/uploads\/2020\/09\/IMG_0079-copia.jpg\"><img decoding=\"async\" src=\"http:\/\/tallerdeartecountry.com\/wp-content\/uploads\/2020\/09\/IMG_0079-copia-1024x682.jpg\" alt=\"\" width=\"1024\" height=\"682\" \/><\/a><figcaption id=\"caption-attachment-3585\" class=\"wp-caption-text\">Precio $30.000<\/figcaption><\/figure>\n<p><a href=\"https:\/\/biz.payulatam.com\/B0bd53742FB80B7\"><img decoding=\"async\" src=\"https:\/\/ecommerce.payulatam.com\/img-secure-2015\/boton_pagar_mediano.png\" \/><\/a><\/p>\n\t<h2><strong>Mira el Paso a Paso Aqu\u00ed:<\/strong><\/h2>\n\t<iframe width=\"560\" height=\"315\" src=\"https:\/\/www.youtube.com\/embed\/WvpT5A9pA1A\" frameborder=\"0\" allow=\"accelerometer; autoplay; clipboard-write; encrypted-media; gyroscope; picture-in-picture\" allowfullscreen><\/iframe>\n\t<h3><strong>Kit de Individuales de Hojas<\/strong><\/h3>\n<figure id=\"attachment_3570\" aria-describedby=\"caption-attachment-3570\" style=\"width: 2560px\" class=\"wp-caption alignnone\"><a href=\"http:\/\/tallerdeartecountry.com\/wp-content\/uploads\/2020\/08\/IMG_0078-copia-scaled.jpg\"><img decoding=\"async\" src=\"http:\/\/tallerdeartecountry.com\/wp-content\/uploads\/2020\/08\/IMG_0078-copia-scaled.jpg\" alt=\"\" width=\"2560\" height=\"1707\" \/><\/a><figcaption id=\"caption-attachment-3570\" class=\"wp-caption-text\">Precio $95.000<\/figcaption><\/figure>\n<p>&nbsp;<\/p>\n\t<h1><strong>Mira el paso paso aqu\u00ed:\u00a0<\/strong><\/h1>\n\t<iframe width=\"560\" height=\"315\" src=\"https:\/\/www.youtube.com\/embed\/m7WSQwioZjc\" frameborder=\"0\" allow=\"accelerometer; autoplay; encrypted-media; gyroscope; picture-in-picture\" allowfullscreen><\/iframe>\n\t<h3><strong>Kit Medias Divertidas<\/strong><\/h3>\n<figure id=\"attachment_3510\" aria-describedby=\"caption-attachment-3510\" style=\"width: 2560px\" class=\"wp-caption alignnone\"><a href=\"http:\/\/tallerdeartecountry.com\/wp-content\/uploads\/2020\/08\/IMG_9994-verde-scaled.jpg\"><img loading=\"lazy\" decoding=\"async\" src=\"http:\/\/tallerdeartecountry.com\/wp-content\/uploads\/2020\/08\/IMG_9994-verde-scaled.jpg\" alt=\"\" width=\"2560\" height=\"1707\" \/><\/a><figcaption id=\"caption-attachment-3510\" class=\"wp-caption-text\">Precio $55.000<\/figcaption><\/figure>\n<p><a href=\"https:\/\/biz.payulatam.com\/B0bd537D2BE03BE\"><img decoding=\"async\" src=\"https:\/\/ecommerce.payulatam.com\/img-secure-2015\/boton_pagar_mediano.png\" \/><\/a><\/p>\n\t<h1><strong>Mira el paso paso aqu\u00ed:<\/strong><\/h1>\n\t<iframe width=\"560\" height=\"315\" src=\"https:\/\/www.youtube.com\/embed\/OQrl_rtX95g?start=3\" frameborder=\"0\" allow=\"accelerometer; autoplay; encrypted-media; gyroscope; picture-in-picture\" allowfullscreen><\/iframe><hr \/>\n&nbsp;\n\n","protected":false},"excerpt":{"rendered":"<p>Kit Bufandas Navide\u00f1as kit Bufandas Navide\u00f1as X1 Precio ($85.000) Kit Bufandas Navide\u00f1as x2 (Precio $ 95.000) Mira el Paso a Paso Aqu\u00ed: Kit de Puntillismo Neon Mira el Paso a Paso Aqu\u00ed: Kit de Individuales de Hojas &nbsp; Mira el paso paso aqu\u00ed:\u00a0 Kit Medias Divertidas Mira el paso paso aqu\u00ed: &nbsp;<\/p>\n","protected":false},"author":1,"featured_media":0,"parent":0,"menu_order":0,"comment_status":"closed","ping_status":"closed","template":"elementor_header_footer","meta":{"footnotes":""},"class_list":["post-3504","page","type-page","status-publish","hentry"],"_links":{"self":[{"href":"http:\/\/tallerdeartecountry.com\/index.php?rest_route=\/wp\/v2\/pages\/3504","targetHints":{"allow":["GET"]}}],"collection":[{"href":"http:\/\/tallerdeartecountry.com\/index.php?rest_route=\/wp\/v2\/pages"}],"about":[{"href":"http:\/\/tallerdeartecountry.com\/index.php?rest_route=\/wp\/v2\/types\/page"}],"author":[{"embeddable":true,"href":"http:\/\/tallerdeartecountry.com\/index.php?rest_route=\/wp\/v2\/users\/1"}],"replies":[{"embeddable":true,"href":"http:\/\/tallerdeartecountry.com\/index.php?rest_route=%2Fwp%2Fv2%2Fcomments&post=3504"}],"version-history":[{"count":33,"href":"http:\/\/tallerdeartecountry.com\/index.php?rest_route=\/wp\/v2\/pages\/3504\/revisions"}],"predecessor-version":[{"id":4579,"href":"http:\/\/tallerdeartecountry.com\/index.php?rest_route=\/wp\/v2\/pages\/3504\/revisions\/4579"}],"wp:attachment":[{"href":"http:\/\/tallerdeartecountry.com\/index.php?rest_route=%2Fwp%2Fv2%2Fmedia&parent=3504"}],"curies":[{"name":"wp","href":"https:\/\/api.w.org\/{rel}","templated":true}]}}